 r - 590 = 0. Calculate the greatest common divisor of v and 21.
21
Let l(p) = 16*p**2. Let z be l(-1). Suppose 0 = -3*g - 0 + 3, -237 = -3*r + 3*g. Calculate the greatest common factor of z and r.
16
Let s(t) = 20*t**2. Let n be s(-1). Let c = 8 - 4. Suppose -5*v + c*i + 30 = 0, 10 + 35 = 2*v + 5*i. Calculate the highest common factor of n and v.
10
Let r(p) = -p - 1. Let y be r(-4). Suppose 0 - y = -o. Suppose -o*f + 49 + 203 = 0. What is the highest common factor of 12 and f?
12
Let z = 38 - 24. What is the greatest common divisor of z and 14?
14
Suppose -6*v = -2*v - 252. What is the highest common factor of 9 and v?
9
Let m(h) = -5*h - 3. Let f be m(-3). Let a = -122 - -206. What is the highest common factor of a and f?
12
Suppose -75 = -4*k - 3*b, -5*b - 35 = -3*k - k. Suppose n - k = 2. Calculate the highest common divisor of n and 85.
17
Suppose -4*i + 26 + 66 = 0. What is the greatest common divisor of i and 115?
23
Let j(v) = v + v**2 - 5*v**3 + 1 - 10*v**3 - 20*v**3. Let q be j(-1). Let i = 4 - -5. Calculate the greatest common divisor of i and q.
9
Let g = -11 - -8. Let m(i) = -12*i + 2. Let t be m(g). What is the greatest common divisor of t and 57?
19
Let p be -16*(3 - 4) - -2. Calculate the highest common divisor of 72 and p.
18
Let i = 310 + -166. Let y be 4/(-14) + i/14. What is the highest common divisor of y and 15?
5
Let u(k) = 16*k**2 + 3*k + 6. Let n be u(-4). Let x = n + -97. Suppose j - 5*s - 58 = -3*j, 5*s - 27 = -j. What is the greatest common factor of j and x?
17
Let k = -34 + 76. Let d be (8/3 + -3)/(2/(-84)). What is the greatest common factor of k and d?
14
Suppose -21 = -3*d - 6. Let w = -13 + d. Let n be -1*w/10*5. What is the highest common divisor of n and 36?
4
Let t be (-30)/20 + 17/2. Calculate the greatest common divisor of t and 28.
7
Suppose -341 = -7*v + 135. What is the greatest common divisor of 102 and v?
34
Let i = 9 + -4. Suppose -2 = -0*k - 2*k. Let m = i - k. Calculate the highest common divisor of 4 and m.
4
Suppose 0 = -7*p + 877 - 191. Let i = p + -70. What is the greatest common factor of 70 and i?
14
Suppose -12*b = -7*b - 595. Calculate the greatest common factor of b and 17.
17
Let h(g) = -g. Let r be h(0). Suppose 11*o + 8 = 15*o. Suppose 0 = 4*p - 6*p + 4*t + 104, o*t - 2 = r. Calculate the greatest common divisor of 6 and p.
6
Suppose -x + j + 12 = -0*j, -j = 3*x - 44. Let g be 14/(-49) + 738/(-14). Let t = -18 - g. What is the highest common factor of t and x?
7
Suppose -2*i + 16 = 4*g, 3*i - 4 = -2*g - 0*i. Calculate the highest common factor of 2 and g.
1
Let c(a) = 2*a**3 - 7*a**2 + 5*a + 3. Let n be c(4). Let x be 2/8*-2*-94. Suppose 18 = 5*u - x. Calculate the greatest common factor of n and u.
13
Let l be 105/63*6*(9 + 2). What is the greatest common factor of l and 10?
10
Suppose 0 = -3*b - 2*i + 4, -3*b + 7 = 4*i - 5*i. Suppose 0 = l - b. Suppose l*h - 3*h = -5. Calculate the greatest common divisor of h and 2.
1
Let l be 195/18 - (-3)/18. What is the highest common divisor of l and 22?
11
Let l(m) = 115*m**2 - m + 1. Let b be l(-1). What is the greatest common factor of b and 13?
13
Let n = 28 - -7. Let g(j) = 33*j**2 - 8*j - 6. Let v be g(-3). What is the greatest common factor of n and v?
35
Let a = -33 + 60. Calculate the highest common divisor of 189 and a.
27
Let j(x) = -11*x - 10. Let q be j(-7). Let n = q + -34. Suppose g - 2*g - 62 = -3*c, 0 = 3*c + 4*g - 82. What is the greatest common divisor of c and n?
11
Let j be 21 - -2 - (7 + -5). Calculate the greatest common divisor of 7 and j.
7
Suppose 2*s = -3*l + 12, 5*s + 15 + 0 = 0. Calculate the highest common factor of 42 and l.
6
Let d be (-3 + 0)*(-5)/3. Let g = -38 - -63. What is the greatest common divisor of d and g?
5
Suppose -g - 2*g = -6. Let n be g/6 - (-15)/9. Suppose -3*k - n*k = -35. Calculate the highest common factor of k and 56.
7
Let i = -59 - -75. What is the highest common factor of 176 and i?
16
Suppose -2*c + 3*v + v = 0, 5*c - 5*v - 5 = 0. Suppose 2*a = 10 + 6. Suppose 2*y - a = c. What is the greatest common divisor of 5 and y?
5
Let n be 11 - (1 - (-3 + 4)). What is the greatest common divisor of 11 and n?
11
Let q(g) = 3*g**2 + 2*g - 3. Let t be (7/(-2))/(1/(-4)). Suppose 3*d + t = -w + 1, 4*w - 13 = d. Let j be q(w). Calculate the highest common factor of j and 65.
13
Suppose 2*r - l - 25 = 0, -r + l + 7 + 7 = 0. Let a = r - 7. Calculate the highest common factor of a and 20.
4
Let d be (-16)/12 - 1/(-3). Let y be 17 + -3 + (0 - d). Let q(x) = 10*x**3 - x**2 + 1. Let p be q(1). Calculate the highest common divisor of y and p.
5
Let s = 7 - 4. Suppose -5*k - 3*p = -379, 2*p - 231 = -s*k - p. Let n = k + -8. Calculate the highest common factor of 6 and n.
6
Let i(m) = -m**2 + 6*m + 3. Let z be i(6). Calculate the greatest common factor of 24 and z.
3
Suppose -a = -4*s + 129 - 617, 2416 = 5*a + 4*s. Calculate the highest common factor of 44 and a.
44
Let s(u) = u**2 + u + 12. Let c be s(-5). What is the greatest common factor of 112 and c?
16
Let q be 18 + -4*2/(-4). Suppose 3*p + q = -p. Let h = p - -10. Calculate the highest common divisor of 5 and h.
5
Let h(w) = w + 10. Let f be h(-6). Suppose 0 = 4*m - 3*x - 64, 3*m + 3*x - 2*x - 48 = 0. Suppose m = -0*d + d. What is the greatest common divisor of d and f?
4
Let m = 301 + -121. What is the highest common factor of m and 20?
20
Let o = -19 + 43. Calculate the highest common divisor of 24 and o.
24
Let i be ((-24)/2)/((-12)/8). Let y = i + 0. What is the greatest common factor of y and 1?
1
Suppose t - 2 = 3. Suppose -x - g - 2 = -12, 3*g - 6 = 0. Let f = x - -17. What is the greatest common divisor of f and t?
5
Let h be (-2)/6 + (-2023)/(-21). What is the highest common factor of 12 and h?
12
Let r be 2 - (-3 - -1) - -31. Calculate the greatest common factor of 14 and r.
7
Suppose 4*q - 27 = 5*v + 6, 2*q - 2*v - 14 = 0. Suppose -i + 1 = -5. Suppose -l + i = 2. Calculate the highest common factor of l and q.
2
Let w = 8 + -20. Let j be (-2)/(-12) - 34/w. Calculate the highest common factor of 33 and j.
3
Suppose -t + 5 = b, -5*b = -0*b - 5*t + 15. Calculate the greatest common divisor of b and 13.
1
Let i(f) = -f - 6. Let j be i(-7). Let x be 1 + (j - 6/1). Let r be (-20)/(-6) + x/12. What is the greatest common divisor of 15 and r?
3
Suppose -2*n - z + 126 = 0, -6*z + z + 175 = 3*n. Let b = 8 + 11. Suppose 0 = -5*v + 46 + b. Calculate the highest common factor of v and n.
13
Suppose -h - m = -6*h + 641, -4*m - 4 = 0. Let i = h - -4. Calculate the greatest common divisor of i and 12.
12
Let c be (0 - 21/(-7))/((-6)/(-26)). Suppose -300 + 66 = -2*q. Calculate the greatest common factor of q and c.
13
Let n be 254/7 - 2/7. Let i(g) = g**2 + 5*g + 6. Let w be i(-6). Calculate the highest common divisor of n and w.
12
Let h = 170 + -70. Calculate the greatest common factor of h and 40.
20
Suppose 0 = 2*t - 78 + 6. Calculate the highest common factor of t and 9.
9
Let u be (0 - -1)*102/6. Let j = u - -15. Let w = j + -21. What is the highest common factor of w and 77?
11
Suppose 0 = t - 5 - 35. What is the highest common divisor of t and 8?
8
Suppose -2*x = 4*i - 10, 3*i + 1 + 5 = 3*x. Suppose -x*m = -m - 42. Suppose -5*l - m = -4*l - 5*u, 5*u = 25. Calculate the highest common divisor of l and 44.
4
Let q = -19 + 59. Let p(k) = k + 1. Let s be p(4). Suppose -s*d - 4*c = -33, -2*c = 2*d + c - 16. What is the highest common factor of q and d?
5
Let z = -1 + 1. Suppose -5 = -y + 2*v, 0 = -y - z*v + 5*v - 1. Let o = 15 - y. What is the greatest common factor of 6 and o?
6
Suppose 19*h - 51 = 6. What is the greatest common divisor of h and 27?
3
Suppose -2*c + 240 = c. Suppose 0*b - 5*b + c = 0. Calculate the greatest common factor of 64 and b.
16
Let w(h) = -h**2 + 6*h - 5. Let u be 2*2/4*5. Let n be w(u). Suppose n = -5*d + 15 + 25. Calculate the greatest common factor of 2 and d.
2
Let c(s) be the first derivative of s**3/3 + 2*s**2 - 13*s - 1. Let b = -27 - -18. Let x be c(b). What is the highest common divisor of 8 and x?
8
Suppose 3*a - 14 = 4. Let t(y) = -3*y - 4*y + 4*y**2 + a + 2*y. Let v be t(4). Calculate the greatest common divisor of v and 10.
10
Let l be 0 + (-5)/((-10)/6). Suppose 0 = -2*k - l*s + 144, -5*k - 3*s + 367 = s. What is